 154 is divided by s(2).
76
Let d(n) = 2*n + 36. Suppose -5*u = -2*c + 69 + 463, -4*c + 1042 = u. Suppose -x + 4*x - c = 0. What is the remainder when x is divided by d(-9)?
15
Suppose -7*b + 15 = -62. What is the remainder when 26 is divided by b?
4
Let a(m) = 10 + m**3 + 13*m - 7*m**2 - 2 - 6*m**2. Let g be (-1 + -3)/((10/15)/(-2)). Calculate the remainder when 39 is divided by a(g).
19
Let v = 249 - 202. Calculate the remainder when v is divided by 8.
7
Let a = -1580 - -1637. Calculate the remainder when a is divided by 36.
21
Suppose 7 = -5*o - 83. Let k = o + 20. Suppose 8 = -p + k*p. Calculate the remainder when 21 is divided by p.
5
Let c = 61 + -46. What is the remainder when 89 is divided by c?
14
Let q(d) = -d**2 + 14*d + 47. What is the remainder when q(13) is divided by 9?
6
Suppose 4*p = 3*p + t + 31, p + 4*t = 6. Calculate the remainder when p - ((-20)/(-4) + -2) - 4 is divided by 10.
9
Suppose -3*h - 54 = -4*z, -5*h - 63 - 7 = -5*z. Calculate the remainder when (76/(-6))/(4/(-6)) is divided by -1 - (3 + (-2 - z)).
9
Suppose d + 4 = 0, 4*d + 32 = -2*c + 5*d. Let p = 7 - c. Calculate the remainder when p is divided by 15.
10
Let j(i) = -7*i - 43. Let q = 1 + 21. What is the remainder when q is divided by j(-7)?
4
Suppose -3*v - 5*w + 11 = v, 0 = 3*w + 3. Calculate the remainder when 5/((-5)/(-4))*126/24 is divided by v.
1
What is the remainder when 318 is divided by -14 + 1173/85 + 541/5?
102
Suppose -23*m - 400 = -33*m. What is the remainder when 67 is divided by m?
27
Let l = 4 - 11. Let m be l + 4 - (-11 - 1). Suppose m*n - 4*n - 25 = 0. Calculate the remainder when 19 is divided by n.
4
Let b be -21*(1/(-1) + -3 + 0). Suppose -2*d - 51 = -4*q - 9, 2*d = 3*q - 31. Calculate the remainder when q is divided by ((-2)/4)/((-6)/b).
4
Let n = 1190 + -1092. What is the remainder when 193 is divided by n?
95
Let m(h) = 2*h + 16. Calculate the remainder when 30 is divided by m(5).
4
Let g(b) = 2*b**2 - 27*b + 205. What is the remainder when g(15) is divided by 86?
78
Let o = 111 + -53. Let y be (2 - 1)/((-40)/(-14) + -3). What is the remainder when o is divided by (-3 + y)/((-4)/8)?
18
Let f(k) = 3*k**2 - 4*k + 2. Let o(g) be the third derivative of -g**4/8 - g**3/6 - g**2. Let n be o(-1). What is the remainder when 23 is divided by f(n)?
5
Let w = 202 + -61. Suppose -470*b + 489*b = 456. Calculate the remainder when w is divided by b.
21
Suppose -731*i = -739*i + 184. What is the remainder when 126 is divided by i?
11
Suppose 3*j - 55 = -7. Suppose 3*w = -w - 52. Let d = w + j. Calculate the remainder when d is divided by 3.
0
Let x(l) = l**2 + 18*l - 33. Let f be x(-20). Suppose k + 306 = f*k. Calculate the remainder when k is divided by (1 + -2)/(2/(-36)).
15
Suppose -17 = -2*a - 5. Suppose -4*z = -x + 53, -2*z + a - 4 = 0. What is the remainder when x is divided by 12?
9
Let p = -15 - -633. What is the remainder when p is divided by 23?
20
Let v(n) = -5*n - 2. Let l = 8 - 5. Suppose 0 = l*x + 2*x - 50. What is the remainder when v(-4) is divided by x?
8
Let r(n) = n**3 - 14*n**2 + 9*n - 88. Calculate the remainder when 70 is divided by r(14).
32
Let m be (-1592)/(-6)*(-90)/(-15). Suppose 2*v - 10*v + m = 0. Calculate the remainder when v is divided by 20.
19
Suppose -19*y - 5*y = -2904. Calculate the remainder when y is divided by 43.
35
Let a be (-33)/(-15) - 3/15. Suppose g - 4*k - 73 = -a*k, 12 = 4*k. Calculate the remainder when g is divided by 20.
19
Suppose 32*b = 40*b - 456. Calculate the remainder when b is divided by 24.
9
Let m(t) = 78*t - 5. Calculate the remainder when m(3) is divided by 15.
4
Suppose 0 = -25*b + 1732 - 282. Calculate the remainder when 222 is divided by b.
48
Calculate the remainder when 18 is divided by 3/(72/366) - 2/8.
3
Suppose 0 = -4*j + 4*x + 64, 0 = 4*j - x - 0*x - 64. What is the remainder when (-129)/12*-2 - (-6)/4 is divided by j?
7
Suppose -46*i - 422 = -48*i. What is the remainder when i is divided by 4?
3
Let t = 31 - 29. Suppose 16 = t*q - 18. Suppose 4*v + d - 125 = 0, -102 = 2*v - 5*v + 2*d. Calculate the remainder when v is divided by q.
15
Let n = 2 - -3. Suppose m + 96 = n*h, -m - 17 = -h - 3*m. What is the remainder when h is divided by 5?
4
Suppose -q + 100 = 3*q. What is the remainder when 146 is divided by q?
21
Let x(u) = 2*u + 23. What is the remainder when x(7) is divided by 13?
11
Suppose -2*j + 536 = 386. Calculate the remainder when 298 is divided by j.
73
Let a(c) = -c**3 - 2*c**2 + c - 2. Let f be a(-3). Let q(k) = -6*k**2 + 73*k + 15. Calculate the remainder when q(12) is divided by 38/f - (-2)/4.
7
Let y(u) = -u**3 + 9*u**2 - 10*u + 20. Let p be y(8). Suppose h - 26 = -v, 43 = p*h - h - 4*v. Calculate the remainder when h is divided by 11.
10
Suppose -5*g = -4*a - 934, 0 = 5*g + 2*a - 1188 + 260. What is the remainder when g is divided by 17?
16
Suppose 82 = -3*j + 5*j. What is the remainder when 5*(2 + -18)*(-6 + 5) is divided by j?
39
Suppose 4*x = r + 5, 6 = 4*r - 2*x - 16. Let f = 80 - 46. Calculate the remainder when f is divided by r.
6
Let a = 17 + -22. Let i = a + 7. Suppose -23 = -5*n + i. What is the remainder when n is divided by 4?
1
Let u = -11 + 19. Suppose 12 = -2*y - 2. Let z = u + y. Calculate the remainder when z is divided by 1.
0
Let u(j) = 8*j + 2. Let z be u(-1). Calculate the remainder when (-56)/z*(-10 + 13) is divided by 15.
13
Let k = 288 - 105. What is the remainder when k is divided by 27?
21
Suppose z - 107 = -5*q - 43, -3 = 3*z. What is the remainder when q is divided by (1/(-3))/((-39)/936)?
5
Let i be 2*(-2 - (-3 + 3)). What is the remainder when (-259)/(-2) + 2/i is divided by 22?
19
Calculate the remainder when 141/((7 - 13) + 7) is divided by 36.
33
Let m be (11 - 11)/(2*1). Suppose -h = -i + 29, 0 = 2*i - m*h - 3*h - 61. What is the remainder when 103 is divided by i?
25
Let k(x) = 0 + 1 + 5*x + x**2 + 5. Let w be k(-4). Suppose s + 5*f = -s + 62, 33 = s + w*f. Calculate the remainder when s is divided by 11.
8
Let w(t) = -246*t - 481. Calculate the remainder when w(-10) is divided by 30.
29
Suppose -2*q - 3*q = 95. Let y = q + 41. Calculate the remainder when y is divided by 12.
10
Calculate the remainder when (14*1)/(23/(2875/10)) is divided by 86.
3
What is the remainder when 2 + (-23)/((-230)/480) is divided by 18?
14
Let q(x) = 11*x**3 - x. Let l = 85 - 82. What is the remainder when q(1) is divided by (10 - 4)*l/(-6) - -9?
4
Let g(k) = -9*k - 1. Let a be g(-5). Suppose -5*c + c + a = 0. Calculate the remainder when 29 is divided by c.
7
What is the remainder when -805*((-2)/4)/((-8)/(-16)) is divided by 27?
22
Calculate the remainder when (7 - 4)*(-262)/(-6) is divided by 22.
21
Suppose -85 = -2*a - 3*a. Let j = -9 + a. Let r(l) = -l**3 - l**2 + 25*l + 1. Calculate the remainder when r(-6) is divided by j.
7
Let f(w) = -w - 2. Let t(l) = 17*l + 204. Let g(x) = -102*f(x) - t(x). What is the remainder when g(2) is divided by 57?
56
Let v = 2 + 0. Suppose -v*o + 18 = -24. Calculate the remainder when 49 is divided by -4 + 0 + o + 0.
15
Suppose 2*p = -5*p. What is the remainder when 60 is divided by (-52)/286 + (p - 246/(-22))?
5
Suppose 0 = -14*f + 250 + 282. What is the remainder when 374 is divided by f?
32
Suppose 12*q - 333 = 3. Let p = q + -8. What is the remainder when 39 is divided by p?
19
Let q = 98 + 9. Let w = q - 68. Calculate the remainder when w is divided by 26.
13
Let y = 9 - 3. Suppose 0 = -4*u - 3*a + 51, -3*a - 10 = -5*a. Calculate the remainder when 1 is divided by 6/u - (-2)/y.
0
Suppose 3*i = 4*a - 76, -143*a + 90 = -138*a - 5*i. Let j = -38 + 101. What is the remainder when j is divided by a?
19
Suppose 0*o = -4*o + 216. Suppose 4*l - o = l. Calculate the remainder when (18/(-45))/((-3)/780*2) is divided by l.
16
What is the remainder when 377 is divided by (-7)/(-84)*3*216?
53
Let r(o) = 2*o**3 + 7*o**2 - 6*o + 7. Let s(p) = -p**3 - 4*p**2 + 3*p - 3. Let x(q) = 2*r(q) + 5*s(q). What is the remainder when 105 is divided by x(-7)?
24
Suppose 8*t - 652 + 548 = 0. Let x(a) = 32*a - 2. Calculate the remainder when x(2) is divided by t.
10
Let g = -254 + 270. What is the remainder when 204 is divided by g?
12
Let z = 69 - 34. Let g = 31 + z. What is the remainder when g is divided by 19?
9
Let u(p) = -3*p - 6.